{"id":11232,"date":"2016-11-18T01:02:04","date_gmt":"2016-11-18T04:02:04","guid":{"rendered":"http:\/\/www.fhycs.unam.edu.ar\/portada\/?page_id=11232"},"modified":"2017-03-27T14:47:40","modified_gmt":"2017-03-27T17:47:40","slug":"calendario-academico-2017","status":"publish","type":"page","link":"https:\/\/www.fhycs.unam.edu.ar\/portada\/calendario-academico-2017\/","title":{"rendered":"Calendario acad\u00e9mico 2017"},"content":{"rendered":"<h3>Clases<\/h3>\n<p><strong>Inscripci\u00f3n a Materias Anuales y del Primer Cuatrimestre: <\/strong>01\/03\/2017 al 17\/03\/2017.<br \/>\n<strong>Asignaci\u00f3n de Aulas y Horarios:<\/strong> 20\/03 al 23\/03\/2017.<br \/>\n<strong>Dictado de Clases del Primer Cuatrimestre: 27<\/strong>\/03\/2017 al 30\/06\/2017.<br \/>\n<strong>Inscripci\u00f3n a Materias del Segundo Cuatrimestre:<\/strong> 26\/07\/2017 al 11\/08\/2017.<br \/>\n<strong>Asignaci\u00f3n de Aulas y Horarios:<\/strong>\u00a014\/08\/17 al 18\/08\/2017.<br \/>\n<strong>Dictado de Clases del Segundo Cuatrimestre:<\/strong> 22\/08\/2017 al 24\/11\/2017<\/p>\n<p>Vacaciones de Verano: 26 de Diciembre de 2016 \u00a0al \u00a003 de Febrero de 2017<\/p>\n<p>Vacaciones de Invierno: 10 \u00a0al 21 de Julio de 2017<\/p>\n<p>&nbsp;<\/p>\n<h3>Tr\u00e1mites Acad\u00e9micos:<\/h3>\n<h4>1er Cuatrimestre:<\/h4>\n<h6>Alumnos:<\/h6>\n<p><strong>Solicitud de Reincorporaciones<\/strong> (Ord. 010\/03): Desde el \u00a013 \u00a0de febrero al \u00a017 de marzo 2017<br \/>\n<strong>Solicitud de Reconocimientos, Equivalencias y Cambio de Plan de Estudio:<\/strong> \u00a0Desde el 13 de Febrero al 1 7 de Marzo de 2017<br \/>\n<strong>Solicitud de Reconocimientos para ingresantes:<\/strong> Desde el 24 al 28 de abril 2017<br \/>\n<strong>Pedido de Libretas:<\/strong> \u00a0Desde el 2 Mayo al \u00a01\u00b0 Noviembre de 2017<\/p>\n<h6>Profesores:<\/h6>\n<p><strong>Presentaci\u00f3n Programas Bienio 2016-2017:<\/strong> \u00a0Desde el 15 de febrero hasta el 25 de abril de 2017<br \/>\n<strong>Adscripciones:<\/strong> Desde 13 de Marzo, \u00a0hasta el \u00a07 de abril.<br \/>\n<strong>Habilitaci\u00f3n de Comisiones para el Cursado:<\/strong> \u00a0Desde el 13 al 20 de febrero de 2017.<br \/>\n<strong>Presentaci\u00f3n de Actas de Regularidad y\/o Promoci\u00f3n de Alumnos:<\/strong> Hasta el \u00a028 de julio de 2017<\/p>\n<h4>2do. Cuatrimestre:<\/h4>\n<h6>Alumnos:<\/h6>\n<p><strong>Solicitud de Reincorporaciones<\/strong> (Ord. 010\/03): Desde el 24 de julio al 11 de agosto de 2017<br \/>\n<strong>Solicitud de Reconocimientos, Equivalencias y Cambio de Plan de Estudio:<\/strong> \u00a0Desde el 24 \u00a0julio al 11 \u00a0de agosto.<\/p>\n<h6>Profesores:<\/h6>\n<p><strong>Adscripciones:<\/strong> Desde el 15 hasta el 25 de agosto.<br \/>\n<strong>Habilitaci\u00f3n de Comisiones para el Cursado:<\/strong> Desde el 24 hasta el 28 de Julio.<br \/>\n<strong>Presentaci\u00f3n de Actas de Regularidad y\/o Promoci\u00f3n de Alumnos:<\/strong> Hasta el 7 de diciembre.<\/p>\n<h3>Mesas de ex\u00e1men:<\/h3>\n<p>&nbsp;<\/p>\n<table>\n<tbody>\n<tr>\n<td>Turno<\/td>\n<td colspan=\"2\">Inscripci\u00f3n<\/td>\n<td colspan=\"2\">Mesa Examinadora<\/td>\n<\/tr>\n<tr>\n<td>N\u00b0<\/td>\n<td>Desde<\/td>\n<td>Hasta<\/td>\n<td>Desde<\/td>\n<td>Hasta<\/td>\n<\/tr>\n<tr>\n<td>1<\/td>\n<td>6 de Febrero<\/td>\n<td>*<\/td>\n<td>13 de Febrero<\/td>\n<td>22 de Febrero<\/td>\n<\/tr>\n<tr>\n<td>2<\/td>\n<td>20 de Febrero<\/td>\n<td>*<\/td>\n<td>1 de Marzo<\/td>\n<td>13 de Marzo<\/td>\n<\/tr>\n<tr>\n<td>3<\/td>\n<td>8 de Mayo<\/td>\n<td>12 de Mayo<\/td>\n<td>29 de Mayo<\/td>\n<td>2 de Junio<\/td>\n<\/tr>\n<tr>\n<td>4<\/td>\n<td>26 de Junio<\/td>\n<td>*<\/td>\n<td>3 de Julio<\/td>\n<td>26 de Julio<\/td>\n<\/tr>\n<tr>\n<td>5<\/td>\n<td>24 \u00a0de Julio<\/td>\n<td>*<\/td>\n<td>4 de Agosto<\/td>\n<td>16 de Agosto<\/td>\n<\/tr>\n<tr>\n<td>6<\/td>\n<td>18 de setiembre<\/td>\n<td>22 de Septiembre<\/td>\n<td>2 de Octubre<\/td>\n<td>6 de Octubre<\/td>\n<\/tr>\n<tr>\n<td>7<\/td>\n<td>20 de Noviembre<\/td>\n<td>*<\/td>\n<td>28 de Noviembre<\/td>\n<td>7 de Diciembre<\/td>\n<\/tr>\n<tr>\n<td>8<\/td>\n<td>4 de Diciembre<\/td>\n<td>*<\/td>\n<td>13 de Diciembre<\/td>\n<td>22 de Diciembre<\/td>\n<\/tr>\n<\/tbody>\n<\/table>\n<blockquote><p>* Los Turnos Nos. 1, 2, 4, 5, 7 y 8: Se inscriben hasta 48 horas h\u00e1biles antes de la fecha de examen.<br \/>\n* Los Turnos Especiales No. 3 de Mayo y N\u00b0 6 de Septiembre: Se inscriben exclusivamente en la fecha indicada y se crean mesas \u00fanicamente para las Materias que posee alumnos inscriptos.<\/p><\/blockquote>\n<p>&nbsp;<\/p>\n<h3>Feriados y Asuetos<\/h3>\n<p><strong>Enero:<\/strong><br \/>\n1\u00ba de Enero: A\u00f1o Nuevo.<\/p>\n<p><strong>Febrero:<\/strong><\/p>\n<p>27 y 28 de Febrero: Carnaval.<\/p>\n<p><strong>Marzo:<\/strong><\/p>\n<p>8 de Marzo: D\u00eda de la Mujer.<br \/>\n19 de Marzo: Santo Patrono de la Ciudad de Posadas. Asueto Acad\u00e9mico y Administrativo para las Unidades Acad\u00e9micas de Posadas.<br \/>\n24 de Marzo: D\u00eda Nacional de la Memoria por la Verdad y la Justicia.<\/p>\n<p><strong>Abril:<\/strong><\/p>\n<p>2 de Abril: D\u00eda del veterano de Malvinas.<br \/>\n16 de Abril: Aniversario de la Universidad. Asueto acad\u00e9mico y administrativo en todo el \u00e1mbito de la UNaM.<\/p>\n<p><strong>Mayo:<\/strong><\/p>\n<p>1\u00ba de Mayo: D\u00eda del Trabajador.<br \/>\n25 de Mayo: Primer Gobierno Patrio.<\/p>\n<p><strong>Junio:<\/strong><\/p>\n<p>17 de Junio: Dia Paso a la Inmortalidad del General Martin Miguel de Guemes<\/p>\n<p>20 de Junio: Paso a la Inmortalidad del General Manuel Belgrano.<\/p>\n<p><strong>Julio:<\/strong><\/p>\n<p>9 de Julio: D\u00eda de la Independencia.<\/p>\n<p><strong>Agosto:<\/strong><\/p>\n<p>14 de Agosto: Paso a la inmortalidad del Gral San Martin (17\/08)<\/p>\n<p><strong>Septiembre:<\/strong><\/p>\n<p>17 de Septiembre: D\u00eda del Profesor. Asueto acad\u00e9mico en todo el \u00e1mbito de la UNaM.<br \/>\n21 de Septiembre: D\u00eda del estudiante. Asueto Estudiantil en todo el \u00e1mbito de la UNaM.<br \/>\nJuegos Interfacultades: Fechas a confirmar.<\/p>\n<p>Octubre:<\/p>\n<p>9 de Octubre: D\u00eda del respeto a la Diversidad Cultural (12\/10)<\/p>\n<p>Noviembre:<br \/>\n26 de Noviembre: D\u00eda del Trabajador No Docente. Asueto Administrativo en todo el \u00e1mbito de la UNaM.<\/p>\n<p>27 \u00a0de Noviembre: D\u00eda de la Soberan\u00eda Nacional (20\/11)<\/p>\n<p>Diciembre:<\/p>\n<p>8 de Diciembre: Inmaculada Concepci\u00f3n de Mar\u00eda.<br \/>\n9 de Diciembre: Feriado puente tur\u00edstico.<br \/>\n25 de Diciembre: Navidad.<\/p>\n<h6><strong>Ingresantes a Primer A\u00f1o<\/strong><\/h6>\n<p>Para cursar una carrera en la Facultad de Humanidades y Ciencias Sociales, el tr\u00e1mite tiene 2 etapas:<\/p>\n<p><strong>Primera etapa<\/strong>: La inscripci\u00f3n es <strong>On-Line<\/strong> debiendo ingresar al link\u00a0<span class=\"s1\"><a href=\"http:\/\/inscripcion2017.fhycs.unam.edu.ar\" target=\"_blank\">inscripcion2017.fhycs.unam.edu.ar<\/a>\u00a0<\/span>y registrar todos los datos requeridos. Desde el <strong>14\/11 al 22\/12\/2016<\/strong> \u00a0y del \u00a0<strong>06 al \u00a024\/02\/2017<\/strong><\/p>\n<p><strong>Segunda etapa<\/strong>: Presentaci\u00f3n de Documentaci\u00f3n.<\/p>\n<p>Desde el 13\/02\/17 al 28\/02\/2017.<\/p>\n<p>De 9:00 a 12:30 y de 16:30 a 20:00 horas. En la sede de Calle Tucum\u00e1n 1946. Planta baja. Direcci\u00f3n General de Ense\u00f1anza y Acci\u00f3n Estudiantil (Alumnado).<\/p>\n<p>La presentaci\u00f3n de la documentaci\u00f3n se realizar\u00e1 en el d\u00eda y el horario que elegiste al momento de registrar tu inscripci\u00f3n On-Line.<\/p>\n<p><strong>Requisitos de Inscripci\u00f3n:<\/strong><\/p>\n<ul>\n<li>Formulario impreso de inscripci\u00f3n On-Line.<\/li>\n<li>Constancia de finalizaci\u00f3n del polimodal y\/o secundaria sin adeudar materias-. o<\/li>\n<li>T\u00edtulo Secundario (Original y Copia autenticada por el Colegio, Juzgado de Paz, Escribano o Autoridad Policial.)<\/li>\n<li>Fotocopia Partida de Nacimiento y DNI 1 y 2 hoja o anverso y reverso del nuevo DNI.<\/li>\n<li>Dos fotos 3\u00d73 y N\u00ba de Cuil.<\/li>\n<\/ul>\n<p><strong>Actividades de Integraci\u00f3n a la Vida Universitaria:<\/strong><\/p>\n<p>Desde el 1\u00b0 al 23 de marzo \u00a0de 2017<\/p>\n<p><strong>Inicio de clases:<\/strong> \u00a027 de marzo de 2017<\/p>\n<p>&nbsp;<\/p>\n<h4>Mayores de 25 a\u00f1os: (Sin t\u00edtulo universitario y\/o Polimodal)<\/h4>\n<p>Art\u00edculo 7 de la Ley 24.521. <strong>Solicitud de Admisi\u00f3n se realiza en DGE y AE. (Alumnado)<\/strong> <strong>de 9 a 12 hs<\/strong>. Desde: 14\/11 al 22\/12\/2016 y 13\/\/02 al 17\/02\/2017<\/p>\n<p>Requisitos de inscripci\u00f3n:<\/p>\n<ul>\n<li>T\u00edtulo (Original y Copia) Escuela primaria o constancia de finalizaci\u00f3n EGB3.<\/li>\n<li>Fotocopia Partida de Nacimiento y DNI 1 y 2 hoja.<\/li>\n<li>Dos fotos 3\u00d73 y N\u00ba de Cuil.<\/li>\n<\/ul>\n<p><strong>Reuni\u00f3n informativa:<\/strong> 13\/02\/2017\u201417 Hs. Aula 1\u2014Piso 1\u2014Sede Calle Tucum\u00e1n.1946<\/p>\n<p><strong>Prueba de admisi\u00f3n y aptitudes en conocimientos:<\/strong> 24\/02\/2017 &#8211; \u00a016 Horas-Aula 1-Piso 1-Calle Tucum\u00e1n.<\/p>\n<p><strong>Inscripci\u00f3n definitiva:<\/strong> \u00a01\u00b0 al 3 de Marzo de 2017<\/p>\n<p><strong>Actividades de Integraci\u00f3n a la Vida Universitaria:<\/strong><\/p>\n<p>Desde el 1\u00b0 al 23 de marzo \u00a0de 2017<\/p>\n<p><strong>Inicio de clases:<\/strong> 27 de marzo de 2017<\/p>\n<p><em><strong>Los alumnos que adeuden asignaturas del secundario y\/o polimodal podr\u00e1n realizar su preinscripci\u00f3n on line desde el 14 de Noviembre al 22 de Diciembre de 2016 y desde el 06 de febrero al 15 de Febrero de 2016.\u00a0Entre el 20 al 24\/02\/2017, debe registrar en Alumnado su situaci\u00f3n.\u00a0<\/strong><\/em><\/p>\n<p>&nbsp;<\/p>\n<blockquote><p>Para m\u00e1s informaci\u00f3n consultar en\u00a0<strong>Direcci\u00f3n General de Ense\u00f1anza y Acci\u00f3n Estudiantil<\/strong> (Alumnado)\u00a0En la sede de Calle Tucum\u00e1n 1946. Planta baja.<\/p><\/blockquote>\n<iframe src=\"\/\/docs.google.com\/viewer?url=https%3A%2F%2Fwww.fhycs.unam.edu.ar%2Fportada%2Fwp-content%2Fuploads%2F2016%2F11%2Fcalendario_academico2017-1.pdf&hl=es&embedded=true\" class=\"gde-frame\" style=\"width:100%; height:500px; border: none;\" scrolling=\"no\"><\/iframe>\n<p class=\"gde-text\"><a href=\"https:\/\/www.fhycs.unam.edu.ar\/portada\/wp-content\/uploads\/2016\/11\/calendario_academico2017-1.pdf\" class=\"gde-link\">Descargar (PDF, Desconocido)<\/a><\/p>\n","protected":false},"excerpt":{"rendered":"<p>Clases Inscripci\u00f3n a Materias Anuales y del Primer Cuatrimestre: 01\/03\/2017 al 17\/03\/2017. Asignaci\u00f3n de Aulas y Horarios: 20\/03 al 23\/03\/2017. Dictado de Clases del Primer Cuatrimestre: 27\/03\/2017 al 30\/06\/2017. Inscripci\u00f3n a Materias del Segundo Cuatrimestre: 26\/07\/2017 al 11\/08\/2017. Asignaci\u00f3n de Aulas y Horarios:\u00a014\/08\/17 al 18\/08\/2017. Dictado de Clases del Segundo Cuatrimestre: 22\/08\/2017 al 24\/11\/2017 Vacaciones [&hellip;]<\/p>\n","protected":false},"author":5,"featured_media":0,"parent":0,"menu_order":0,"comment_status":"closed","ping_status":"closed","template":"","meta":{"extendify_custom_stylesheet":""},"_links":{"self":[{"href":"https:\/\/www.fhycs.unam.edu.ar\/portada\/wp-json\/wp\/v2\/pages\/11232"}],"collection":[{"href":"https:\/\/www.fhycs.unam.edu.ar\/portada\/wp-json\/wp\/v2\/pages"}],"about":[{"href":"https:\/\/www.fhycs.unam.edu.ar\/portada\/wp-json\/wp\/v2\/types\/page"}],"author":[{"embeddable":true,"href":"https:\/\/www.fhycs.unam.edu.ar\/portada\/wp-json\/wp\/v2\/users\/5"}],"replies":[{"embeddable":true,"href":"https:\/\/www.fhycs.unam.edu.ar\/portada\/wp-json\/wp\/v2\/comments?post=11232"}],"version-history":[{"count":5,"href":"https:\/\/www.fhycs.unam.edu.ar\/portada\/wp-json\/wp\/v2\/pages\/11232\/revisions"}],"predecessor-version":[{"id":13140,"href":"https:\/\/www.fhycs.unam.edu.ar\/portada\/wp-json\/wp\/v2\/pages\/11232\/revisions\/13140"}],"wp:attachment":[{"href":"https:\/\/www.fhycs.unam.edu.ar\/portada\/wp-json\/wp\/v2\/media?parent=11232"}],"curies":[{"name":"wp","href":"https:\/\/api.w.org\/{rel}","templated":true}]}}