{"id":17926,"date":"2017-10-24T10:54:39","date_gmt":"2017-10-24T13:54:39","guid":{"rendered":"http:\/\/www.fhycs.unam.edu.ar\/portada\/?page_id=17926"},"modified":"2018-04-23T11:11:18","modified_gmt":"2018-04-23T14:11:18","slug":"calendario-academico-2018","status":"publish","type":"page","link":"https:\/\/www.fhycs.unam.edu.ar\/portada\/calendario-academico-2018\/","title":{"rendered":"Calendario Acad\u00e9mico 2018"},"content":{"rendered":"<h1 class=\"p2\"><b>Clases <\/b><\/h1>\n<p><strong>Inscripci\u00f3n a Materias Anuales y del Primer Cuatrimestre<\/strong><\/p>\n<p class=\"p3\"><em>01\/03\/2018 al 22\/03\/2018<\/em><\/p>\n<p><em>Asignaci\u00f3n de Aulas y Horarios:<\/em><\/p>\n<p><em>23\/03 al 28\/03\/2018 <\/em><\/p>\n<p><strong>Dictado de Clases del Primer Cuatrimestre <\/strong><\/p>\n<p><em>03\/04\/2018 al 06\/07\/2018<\/em><\/p>\n<p>Inscripci\u00f3n a Materias del Segundo Cuatrimestre<\/p>\n<p><em>30\/07\/2018\u00a0\u00a0 al 14\/08\/2018<\/em><em>\u00a0<\/em><\/p>\n<p><em>Asignaci\u00f3n de Aulas y Horarios:<\/em><\/p>\n<p><em>15\/08\/18 al 17\/08\/2018 <\/em><\/p>\n<p><strong>Dictado de Clases del Segundo Cuatrimestre <\/strong><\/p>\n<p><em>21\/08\/2018 al 23\/11\/2018<\/em><\/p>\n<h1>Ex\u00e1menes<\/h1>\n<p>&nbsp;<\/p>\n<p><a href=\"https:\/\/www.fhycs.unam.edu.ar\/portada\/wp-content\/uploads\/2018\/02\/Captura-de-pantalla-2018-02-14-a-las-12.17.51.png\"><img loading=\"lazy\" class=\"wp-image-19095 alignnone\" src=\"https:\/\/www.fhycs.unam.edu.ar\/portada\/wp-content\/uploads\/2018\/02\/Captura-de-pantalla-2018-02-14-a-las-12.17.51.png\" alt=\"\" width=\"811\" height=\"829\" srcset=\"https:\/\/www.fhycs.unam.edu.ar\/portada\/wp-content\/uploads\/2018\/02\/Captura-de-pantalla-2018-02-14-a-las-12.17.51.png 908w, https:\/\/www.fhycs.unam.edu.ar\/portada\/wp-content\/uploads\/2018\/02\/Captura-de-pantalla-2018-02-14-a-las-12.17.51-294x300.png 294w, https:\/\/www.fhycs.unam.edu.ar\/portada\/wp-content\/uploads\/2018\/02\/Captura-de-pantalla-2018-02-14-a-las-12.17.51-768x785.png 768w\" sizes=\"(max-width: 811px) 100vw, 811px\" \/><\/a><\/p>\n<h2 class=\"p2\"><b>Turnos de Ex\u00e1menes <\/b><\/h2>\n<p><strong>* Los Turnos Nos. 1, 2, 4, 5, 7 y 8: Se inscriben hasta 48 horas\u00a0<\/strong><strong>h\u00e1biles antes de la fecha de examen.<\/strong><\/p>\n<p><strong>* Los Turnos Especiales No. 3 de Mayo y\u00a0<\/strong><strong>N\u00b0 6 de Septiembre<\/strong><\/p>\n<p><strong>Se inscriben exclusivamente en la fecha Indicada y se crean mesas \u00fanicamente para las Materias que poseen alumnos inscriptos<\/strong><\/p>\n<p class=\"p3\"><strong><br \/>\n<\/strong><\/p>\n<h1>Tr\u00e1mites Acad\u00e9micos<\/h1>\n<p class=\"p2\"><b><i>1er Cuatrimestre: <\/i><\/b><\/p>\n<p class=\"p2\"><b>Alumnos: <\/b><\/p>\n<p><strong>Solicitud de Reincorporaciones (Ord. 010\/03):<\/strong><\/p>\n<p>Desde el 14 de Febrero al 16 de Marzo 2018<\/p>\n<p><strong>Solicitud de Reconocimientos, Equivalencias y Cambio de Plan de Estudio: <\/strong><\/p>\n<p>Desde el 14 de Febrero al 18 de Marzo de 2018<\/p>\n<p>Solicitud de Reconocimientos para ingresantes:<\/p>\n<p>Desde el 23 de Abril al 27 de Abril 2018<\/p>\n<p><strong>Pedido de Libretas <\/strong><\/p>\n<p>Desde el 2 Mayo al 1\u00b0 Noviembre de 2018<\/p>\n<p>&nbsp;<\/p>\n<p><u>Profesores:<\/u><\/p>\n<p><strong>\u00a0<\/strong><\/p>\n<p><strong>Adscripciones: <\/strong><\/p>\n<p>Desde 12 de Marzo hasta el 6 de Abril de 2018<\/p>\n<p><strong>Habilitaci\u00f3n de Comisiones para el Cursado: <\/strong><\/p>\n<p>Desde el 13 al 20 de Febrero de 2018<\/p>\n<p>Presentaci\u00f3n de Actas de Regularidad y\/o Promoci\u00f3n de Alumnos:<\/p>\n<p>Hasta el 20 de Julio de 2018<\/p>\n<p>&nbsp;<\/p>\n<p><strong><em><u>2do. Cuatrimestre:<\/u><\/em><\/strong><\/p>\n<p><strong><u>Alumnos:<\/u><\/strong><\/p>\n<p><strong>Solicitud de Reincorporaciones (Ord. 010\/03):<\/strong><\/p>\n<p>Desde el 24 Julio al 17 de Agosto de 2018<\/p>\n<p><strong>Solicitud de Reconocimientos, Equivalencias y Cambio de Plan de Estudio:<\/strong><\/p>\n<p>Desde el 24 Julio al 17 de Agosto de 2018<\/p>\n<p><u>Profesores:<\/u><\/p>\n<p><strong>Adscripciones: <\/strong><\/p>\n<p>Desde el 06 de Agosto hasta el 17 de agosto de 2018<\/p>\n<p><strong>Habilitaci\u00f3n de Comisiones para el Cursado: <\/strong><\/p>\n<p>Desde el 23 de Julio hasta el 27 de Julio de 2018<\/p>\n<p>Presentaci\u00f3n de Actas de Regularidad y\/o Promoci\u00f3n de Alumnos:<\/p>\n<p>Hasta el 7 de diciembre de 2018<\/p>\n<h1>Recesos<\/h1>\n<p><strong>Funcional<\/strong> (verano) de acuerdo a la Resoluci\u00f3n Rectoral N\u00b0 2069\/17<\/p>\n<p>16 de Diciembre de 2017 al 09 de Febrero de 2018<\/p>\n<p><strong>Invernal<\/strong><\/p>\n<p>10 al 20 de Julio de 2018<\/p>\n<blockquote>\n<h1>Feriados y Asuetos<\/h1>\n<p><strong>1\u00ba de Enero: <\/strong>A\u00f1o Nuevo<\/p>\n<p><strong>12 y 13 de Febrero: <\/strong>Carnaval<\/p>\n<p><strong>8 de Marzo: <\/strong>D\u00eda de la Mujer<\/p>\n<p><strong>19 de Marzo: <\/strong>Santo Patrono de la Ciudad de Posadas Asueto Acad\u00e9mico y Administrativo para las<\/p>\n<p>Unidades Acad\u00e9micas de Posadas<\/p>\n<p><strong>24 de Marzo<\/strong>: D\u00eda Nacional de la Memoria por la Verdad y la<\/p>\n<p>Justiciade<\/p>\n<p><strong>29 y 30 Marzo: <\/strong>Jueves y Viernes Santo<\/p>\n<p><strong>2 de Abril<\/strong>: D\u00eda del veterano de Malvinas y de los Caidos en la<\/p>\n<p>Guerra de Malvinas<\/p>\n<p><strong>16 de Abril: <\/strong>Aniversario de la Universidad. Asueto acad\u00e9mico y administrativo en todo el \u00e1mbito de la UNaM.<\/p>\n<p><strong>1\u00ba de Mayo<\/strong>: D\u00eda del Trabajador<\/p>\n<p><strong>21 De Mayo: <\/strong>D\u00eda del Profesor Asueto acad\u00e9mico en todo el \u00e1mbito de la UNaM<\/p>\n<p><strong>25 d<\/strong>e Mayo: Primer Gobierno Patrio<\/p>\n<p><strong>17 de Junio: <\/strong>Dia Paso a la Inmortalidad del General Martin Miguel de G\u00fcemes.<\/p>\n<p><strong>20 de Junio: <\/strong>Paso a la Inmortalidad del General Manuel Belgrano<\/p>\n<p><strong>9 de Julio: <\/strong>D\u00eda de la Independencia<\/p>\n<p><strong>20 de Agosto<\/strong>: Paso a la inmortalidad del Gral San Martin (17\/08)<\/p>\n<p><strong>21 de Septiembre: <\/strong>D\u00eda del estudiante<\/p>\n<p>Asueto Estudiantil en todo el \u00e1mbito de la UNaM<\/p>\n<p><strong>Juegos Interfacultades<\/strong>: Fechas a confirmar<\/p>\n<p><strong>15 de Octubre: <\/strong>D\u00eda del respeto a la Diversidad Cultural<\/p>\n<p><strong>30 de Octubre: <\/strong>D\u00eda del Graduado Universitario<\/p>\n<p><strong>26 de Noviembre<\/strong>: D\u00eda del Trabajador No Docente. Asueto Administrativo en todo el \u00e1mbito de la UNaM<\/p>\n<p><strong>20 de Noviembre: <\/strong>D\u00eda de la Soberan\u00eda Nacional<\/p>\n<p><strong>8 de Diciembre<\/strong>: Inmaculada Concepci\u00f3n de Mar\u00eda<\/p>\n<p><strong>25 de Diciembre: <\/strong>Navidad<\/p><\/blockquote>\n<h2>Descargar el Calendario Completo<\/h2>\n<iframe src=\"\/\/docs.google.com\/viewer?url=https%3A%2F%2Fwww.fhycs.unam.edu.ar%2Fportada%2Fwp-content%2Fuploads%2F2018%2F02%2FULTIMOCALENDARIOACADEMICO20181.pdf&hl=es&embedded=true\" class=\"gde-frame\" style=\"width:100%; height:500px; border: none;\" scrolling=\"no\"><\/iframe>\n<p class=\"gde-text\"><a href=\"https:\/\/www.fhycs.unam.edu.ar\/portada\/wp-content\/uploads\/2018\/02\/ULTIMOCALENDARIOACADEMICO20181.pdf\" class=\"gde-link\">Descargar (PDF, Desconocido)<\/a><\/p>\n","protected":false},"excerpt":{"rendered":"<p>Clases Inscripci\u00f3n a Materias Anuales y del Primer Cuatrimestre 01\/03\/2018 al 22\/03\/2018 Asignaci\u00f3n de Aulas y Horarios: 23\/03 al 28\/03\/2018 Dictado de Clases del Primer Cuatrimestre 03\/04\/2018 al 06\/07\/2018 Inscripci\u00f3n a Materias del Segundo Cuatrimestre 30\/07\/2018\u00a0\u00a0 al 14\/08\/2018\u00a0 Asignaci\u00f3n de Aulas y Horarios: 15\/08\/18 al 17\/08\/2018 Dictado de Clases del Segundo Cuatrimestre 21\/08\/2018 al 23\/11\/2018 [&hellip;]<\/p>\n","protected":false},"author":1,"featured_media":0,"parent":0,"menu_order":0,"comment_status":"closed","ping_status":"closed","template":"","meta":{"extendify_custom_stylesheet":""},"_links":{"self":[{"href":"https:\/\/www.fhycs.unam.edu.ar\/portada\/wp-json\/wp\/v2\/pages\/17926"}],"collection":[{"href":"https:\/\/www.fhycs.unam.edu.ar\/portada\/wp-json\/wp\/v2\/pages"}],"about":[{"href":"https:\/\/www.fhycs.unam.edu.ar\/portada\/wp-json\/wp\/v2\/types\/page"}],"author":[{"embeddable":true,"href":"https:\/\/www.fhycs.unam.edu.ar\/portada\/wp-json\/wp\/v2\/users\/1"}],"replies":[{"embeddable":true,"href":"https:\/\/www.fhycs.unam.edu.ar\/portada\/wp-json\/wp\/v2\/comments?post=17926"}],"version-history":[{"count":5,"href":"https:\/\/www.fhycs.unam.edu.ar\/portada\/wp-json\/wp\/v2\/pages\/17926\/revisions"}],"predecessor-version":[{"id":20156,"href":"https:\/\/www.fhycs.unam.edu.ar\/portada\/wp-json\/wp\/v2\/pages\/17926\/revisions\/20156"}],"wp:attachment":[{"href":"https:\/\/www.fhycs.unam.edu.ar\/portada\/wp-json\/wp\/v2\/media?parent=17926"}],"curies":[{"name":"wp","href":"https:\/\/api.w.org\/{rel}","templated":true}]}}