{"id":2225,"date":"2015-08-07T12:28:51","date_gmt":"2015-08-07T12:28:51","guid":{"rendered":"http:\/\/www.fhycs.unam.edu.ar\/portada\/?page_id=2225"},"modified":"2016-06-19T03:30:10","modified_gmt":"2016-06-19T03:30:10","slug":"formularios-carrera-docente","status":"publish","type":"page","link":"https:\/\/www.fhycs.unam.edu.ar\/portada\/formularios-carrera-docente\/","title":{"rendered":"Formularios Carrera Docente"},"content":{"rendered":"<h6><strong>Formularios<\/strong><\/h6>\n<table style=\"width: 65%;\">\n<tbody>\n<tr>\n<td style=\"width: 70%;\">Resoluci\u00f3n CS N\u00ba 056\/03<br \/>\nSobre: Reglamentaci\u00f3n para Actividades de Extensi\u00f3n Universitaria<\/td>\n<td style=\"width: 15.2384%;\"><a href=\"https:\/\/www.fhycs.unam.edu.ar\/portada\/wp-content\/uploads\/2015\/08\/REG_PROYECTOS_EXTENSION.pdf\" target=\"_blank\">Descargar<\/a><\/td>\n<\/tr>\n<\/tbody>\n<\/table>\n<table style=\"width: 64.7643%;\">\n<tbody>\n<tr>\n<td style=\"width: 71%;\">Reglamentaci\u00f3n para Actividades de Extensi\u00f3n Universitaria.<br \/>\nSobre: Reglamento para la realizaci\u00f3n de cursos, seminarios y talleres.<\/td>\n<td style=\"width: 14.8826%;\"><a href=\"https:\/\/www.fhycs.unam.edu.ar\/portada\/wp-content\/uploads\/2015\/08\/Guia_Cursos_CAP_IV.pdf\" target=\"_blank\">Descargar<\/a><\/td>\n<\/tr>\n<\/tbody>\n<\/table>\n<table style=\"width: 64.6402%;\">\n<tbody>\n<tr>\n<td style=\"width: 73%;\">Gu\u00eda para la presentaci\u00f3n de proyectos de extensi\u00f3n.<br \/>\nAdjunto al documento: Formulario para la presentaci\u00f3n de proyectos de Extensi\u00f3n.<\/td>\n<td style=\"width: 14.7046%;\"><a href=\"https:\/\/www.fhycs.unam.edu.ar\/portada\/wp-content\/uploads\/2015\/08\/GUIA_FORM_PROY_EXT.pdf\" target=\"_blank\">Descargar<\/a><\/td>\n<\/tr>\n<\/tbody>\n<\/table>\n<table width=\"70%\">\n<tbody>\n<tr>\n<td>Formulario de Informe de Proyectos y\/o Actividades de Extensi\u00f3n.<br \/>\nFormato del archivo: PDF.<\/td>\n<td width=\"100\"><a href=\"https:\/\/www.fhycs.unam.edu.ar\/portada\/wp-content\/uploads\/2015\/08\/INF_PROY_EXT.pdf\" target=\"_blank\">Descargar<\/a><\/td>\n<\/tr>\n<\/tbody>\n<\/table>\n<table width=\"70%\">\n<tbody>\n<tr>\n<td>Formulario de Inscripci\u00f3n de Proyectos y\/o Actividades de Extensi\u00f3n.<br \/>\nFormato del archivo: PDF.<\/td>\n<td width=\"100\"><a href=\"https:\/\/www.fhycs.unam.edu.ar\/portada\/wp-content\/uploads\/2015\/08\/INSCRIP_-EXT.pdf\" target=\"_blank\">Descargar<\/a><\/td>\n<\/tr>\n<\/tbody>\n<\/table>\n<p>&nbsp;<\/p>\n","protected":false},"excerpt":{"rendered":"<p>Formularios Resoluci\u00f3n CS N\u00ba 056\/03 Sobre: Reglamentaci\u00f3n para Actividades de Extensi\u00f3n Universitaria Descargar Reglamentaci\u00f3n para Actividades de Extensi\u00f3n Universitaria. Sobre: Reglamento para la realizaci\u00f3n de cursos, seminarios y talleres. Descargar Gu\u00eda para la presentaci\u00f3n de proyectos de extensi\u00f3n. Adjunto al documento: Formulario para la presentaci\u00f3n de proyectos de Extensi\u00f3n. Descargar Formulario de Informe de Proyectos [&hellip;]<\/p>\n","protected":false},"author":1,"featured_media":0,"parent":0,"menu_order":0,"comment_status":"open","ping_status":"open","template":"secretaria_extension.php","meta":{"extendify_custom_stylesheet":""},"_links":{"self":[{"href":"https:\/\/www.fhycs.unam.edu.ar\/portada\/wp-json\/wp\/v2\/pages\/2225"}],"collection":[{"href":"https:\/\/www.fhycs.unam.edu.ar\/portada\/wp-json\/wp\/v2\/pages"}],"about":[{"href":"https:\/\/www.fhycs.unam.edu.ar\/portada\/wp-json\/wp\/v2\/types\/page"}],"author":[{"embeddable":true,"href":"https:\/\/www.fhycs.unam.edu.ar\/portada\/wp-json\/wp\/v2\/users\/1"}],"replies":[{"embeddable":true,"href":"https:\/\/www.fhycs.unam.edu.ar\/portada\/wp-json\/wp\/v2\/comments?post=2225"}],"version-history":[{"count":27,"href":"https:\/\/www.fhycs.unam.edu.ar\/portada\/wp-json\/wp\/v2\/pages\/2225\/revisions"}],"predecessor-version":[{"id":6999,"href":"https:\/\/www.fhycs.unam.edu.ar\/portada\/wp-json\/wp\/v2\/pages\/2225\/revisions\/6999"}],"wp:attachment":[{"href":"https:\/\/www.fhycs.unam.edu.ar\/portada\/wp-json\/wp\/v2\/media?parent=2225"}],"curies":[{"name":"wp","href":"https:\/\/api.w.org\/{rel}","templated":true}]}}