{"id":30223,"date":"2020-12-03T18:10:45","date_gmt":"2020-12-03T21:10:45","guid":{"rendered":"https:\/\/www.fhycs.unam.edu.ar\/portada\/?page_id=30223"},"modified":"2020-12-03T18:13:50","modified_gmt":"2020-12-03T21:13:50","slug":"inrefro","status":"publish","type":"page","link":"https:\/\/www.fhycs.unam.edu.ar\/portada\/inrefro\/","title":{"rendered":"Programa de Investigaciones Interdisciplinarias sobre Regiones de Frontera"},"content":{"rendered":"<p>&nbsp;<\/p>\n<p><strong>Director del Programa INREFRO<\/strong><br \/>\nDr. En Geograf\u00eda e Historia Esp. En Antropolog\u00eda de Am\u00e9rica.<br \/>\n<em>Roberto Ab\u00ednzano<\/em><\/p>\n<p>&nbsp;<\/p>\n<p><strong>Co &#8211; Directora del Programa INREFRO<\/strong><br \/>\nMagister en Antropolog\u00eda Social<br \/>\n<em>Diana Arellano<\/em><\/p>\n<p>&nbsp;<\/p>\n<p><strong>Co &#8211; Directora del Programa INREFRO<\/strong><br \/>\nMestre Historia<br \/>\n<em>Norma Oviedo<\/em><\/p>\n<p>&nbsp;<\/p>\n","protected":false},"excerpt":{"rendered":"<p>&nbsp; Director del Programa INREFRO Dr. En Geograf\u00eda e Historia Esp. En Antropolog\u00eda de Am\u00e9rica. Roberto Ab\u00ednzano &nbsp; Co &#8211; Directora del Programa INREFRO Magister en Antropolog\u00eda Social Diana Arellano &nbsp; Co &#8211; Directora del Programa INREFRO Mestre Historia Norma Oviedo &nbsp;<\/p>\n","protected":false},"author":22,"featured_media":0,"parent":0,"menu_order":0,"comment_status":"closed","ping_status":"closed","template":"inrefro.php","meta":{"extendify_custom_stylesheet":""},"_links":{"self":[{"href":"https:\/\/www.fhycs.unam.edu.ar\/portada\/wp-json\/wp\/v2\/pages\/30223"}],"collection":[{"href":"https:\/\/www.fhycs.unam.edu.ar\/portada\/wp-json\/wp\/v2\/pages"}],"about":[{"href":"https:\/\/www.fhycs.unam.edu.ar\/portada\/wp-json\/wp\/v2\/types\/page"}],"author":[{"embeddable":true,"href":"https:\/\/www.fhycs.unam.edu.ar\/portada\/wp-json\/wp\/v2\/users\/22"}],"replies":[{"embeddable":true,"href":"https:\/\/www.fhycs.unam.edu.ar\/portada\/wp-json\/wp\/v2\/comments?post=30223"}],"version-history":[{"count":3,"href":"https:\/\/www.fhycs.unam.edu.ar\/portada\/wp-json\/wp\/v2\/pages\/30223\/revisions"}],"predecessor-version":[{"id":30226,"href":"https:\/\/www.fhycs.unam.edu.ar\/portada\/wp-json\/wp\/v2\/pages\/30223\/revisions\/30226"}],"wp:attachment":[{"href":"https:\/\/www.fhycs.unam.edu.ar\/portada\/wp-json\/wp\/v2\/media?parent=30223"}],"curies":[{"name":"wp","href":"https:\/\/api.w.org\/{rel}","templated":true}]}}