{"id":32419,"date":"2021-11-13T21:47:43","date_gmt":"2021-11-14T00:47:43","guid":{"rendered":"https:\/\/www.fhycs.unam.edu.ar\/portada\/?page_id=32419"},"modified":"2023-09-19T18:21:03","modified_gmt":"2023-09-19T21:21:03","slug":"cedu","status":"publish","type":"page","link":"https:\/\/www.fhycs.unam.edu.ar\/portada\/secretaria-de-posgrado\/postgrado\/cedu\/","title":{"rendered":"Especializaci\u00f3n en Docencia Universitaria"},"content":{"rendered":"<div id=\"WRchTxti\" class=\"_1Q9if\" data-testid=\"richTextElement\">\n<h1><span style=\"color: #00ccff;\"><a href=\"https:\/\/www.fhycs.unam.edu.ar\/portada\/secretaria-de-posgrado\/postgrado\/edu-logo-2\/\" rel=\"attachment wp-att-32448\"><img loading=\"lazy\" class=\"size-full wp-image-32448 alignright\" src=\"https:\/\/www.fhycs.unam.edu.ar\/portada\/wp-content\/uploads\/2021\/11\/EDU-logo-1.jpg\" alt=\"\" width=\"276\" height=\"156\" \/><\/a><span style=\"color: #0000ff;\">Novedades<\/span><\/span><\/h1>\n<h3><strong>Programa para finalizaci\u00f3n TIF<br \/>\n<\/strong><\/h3>\n<h3><strong>TRABAJO INTEGRADOR FINAL<br \/>\n<\/strong><\/h3>\n<p>Ante el inminente cambio del actual Plan de Estudios, convocamos entre los meses de j<strong>unio a septiembre de 2022<\/strong><\/p>\n<p>a especializandas\/os que s<strong>\u00f3lo tengan pendiente<\/strong> la realizaci\u00f3n de su Trabajo Integrador Final. Comunicarse a: <a href=\"mailto:ceduacademico@gmail.com\">ceduacademico@gmail.com<\/a><\/p>\n<hr \/>\n<h1><span style=\"color: #00ccff;\">Especializaci\u00f3n en Docencia Universitaria<\/span><\/h1>\n<p>Carrera Interinstitucional entre:<\/p>\n<ul>\n<li>la Facultad de Humanidades y Ciencias Sociales de la UNaM<\/li>\n<li>La Facultad de Humanidades de la UNNE, ;<\/li>\n<li>la Facultad de Humanidades de la UNaF y<\/li>\n<li>la Escuela para la Innovaci\u00f3n Educativa de la UNSE.<\/li>\n<\/ul>\n<p><span style=\"color: #42d1db;\"><strong>Objetivos:<\/strong><\/span><\/p>\n<ul>\n<li aria-level=\"1\">Fortalecer la formaci\u00f3n docente de los responsables directos del desarrollo de la ense\u00f1anza en las carreras de las Universidades.<\/li>\n<li aria-level=\"1\">Impulsar la inclusi\u00f3n y la democratizaci\u00f3n de la docencia de posgrado.<\/li>\n<li aria-level=\"1\">Propiciar intercambios acad\u00e9micos entre profesores y especializandos, que favorezcan la solidaridad y la cooperaci\u00f3n rec\u00edproca.<\/li>\n<li aria-level=\"1\">Acompa\u00f1ar la formaci\u00f3n de los profesores universitario con el fin de generar pr\u00e1cticas de mediaci\u00f3n docentes cr\u00edticas y reflexivas.<\/li>\n<li aria-level=\"1\">Generar experiencias de ense\u00f1anza innovadoras como modo de transferencia de conocimiento.<\/li>\n<li aria-level=\"1\">Analizar cr\u00edticamente los espacios de constituci\u00f3n del propio conocimiento profesional docente universitario y su interacci\u00f3n con el \u00e1mbito institucional espec\u00edfico del ejercicio de su pr\u00e1ctica de ense\u00f1anza.<\/li>\n<\/ul>\n<p class=\"font_8\"><span style=\"color: #42d1db;\"><strong>Perfil:<\/strong><\/span><\/p>\n<p>Entre otras competencias se promueve que las\/os egresadas\/os alcancen:<\/p>\n<ul>\n<li aria-level=\"1\">Conocimiento especializado en enfoques te\u00f3ricos y metodol\u00f3gicos diversos referidos a la docencia universitaria.<\/li>\n<li aria-level=\"1\">Idoneidad para el desempe\u00f1o como especialista en docencia universitaria para intervenir en equipos disciplinarios e interdisciplinarios, en funciones de gesti\u00f3n, asesoramiento, coordinaci\u00f3n, dise\u00f1o curricular, producci\u00f3n de materiales y evaluaci\u00f3n, en su \u00e1rea disciplinar.<\/li>\n<li aria-level=\"1\">Competencias para producir innovaciones pedag\u00f3gicas en la ense\u00f1anza de su disciplina, acompa\u00f1adas de acciones de indagaci\u00f3n sobre la propia pr\u00e1ctica.<\/li>\n<li aria-level=\"1\">Competencias en el uso de las Tecnolog\u00edas del conocimiento y el aprendizaje al servicio de la elaboraci\u00f3n, gesti\u00f3n y evaluaci\u00f3n de propuestas formativas en la universidad.<\/li>\n<\/ul>\n<hr \/>\n<p><strong>Directora<\/strong> de Sede UNaM: \u00a0Mgter. Alicia C. Guzman<\/p>\n<\/div>\n<div class=\"_1Q9if\" data-testid=\"richTextElement\">\n<p><strong>Co-Directora<\/strong>: Mgter. Mar\u00eda Victoria Tarelli<\/p>\n<p><strong>Comit\u00e9 Acad\u00e9mico:<\/strong> Esp. D\u00edaz, Norma Eduviges &#8211; Esp. Figueredo, Norma Marina &#8211; Esp. Garayo, Liliana Noem\u00ed &#8211; Mgter. Le Gall, Luis Justo &#8211; Esp. Lozina Esteban &#8211; Dra.Urquiza, Emilia Yolanda<\/p>\n<div id=\"WRchTxt1\" class=\"_1Q9if\" data-testid=\"richTextElement\">\n<hr \/>\n<p class=\"font_8\"><span class=\"color_11\"><span class=\"color_16\"><strong>Secretar\u00eda:<\/strong> Viviana Serio<\/span><\/span><\/p>\n<p class=\"font_8\"><span class=\"color_11\"><span class=\"color_16\">Contacto<\/span><\/span> <span class=\"color_11\">0376-4434101<\/span><\/p>\n<\/div>\n<div id=\"WRchTxt8\" class=\"_1Q9if\" data-testid=\"richTextElement\">\n<p class=\"font_9\"><span class=\"color_16\"><a href=\"mailto:postgradocedu@gmail.com\" data-auto-recognition=\"true\">postgradocedu@gmail.com<\/a><\/span><\/p>\n<p>San Lorenzo 2551 (2\u00b0 piso)<\/p>\n<\/div>\n<\/div>\n","protected":false},"excerpt":{"rendered":"<p>Novedades Programa para finalizaci\u00f3n TIF TRABAJO INTEGRADOR FINAL Ante el inminente cambio del actual Plan de Estudios, convocamos entre los meses de junio a septiembre de 2022 a especializandas\/os que s\u00f3lo tengan pendiente la realizaci\u00f3n de su Trabajo Integrador Final. Comunicarse a: ceduacademico@gmail.com Especializaci\u00f3n en Docencia Universitaria Carrera Interinstitucional entre: la Facultad de Humanidades y [&hellip;]<\/p>\n","protected":false},"author":35,"featured_media":0,"parent":255,"menu_order":0,"comment_status":"closed","ping_status":"closed","template":"page-sintitular.php","meta":{"extendify_custom_stylesheet":""},"_links":{"self":[{"href":"https:\/\/www.fhycs.unam.edu.ar\/portada\/wp-json\/wp\/v2\/pages\/32419"}],"collection":[{"href":"https:\/\/www.fhycs.unam.edu.ar\/portada\/wp-json\/wp\/v2\/pages"}],"about":[{"href":"https:\/\/www.fhycs.unam.edu.ar\/portada\/wp-json\/wp\/v2\/types\/page"}],"author":[{"embeddable":true,"href":"https:\/\/www.fhycs.unam.edu.ar\/portada\/wp-json\/wp\/v2\/users\/35"}],"replies":[{"embeddable":true,"href":"https:\/\/www.fhycs.unam.edu.ar\/portada\/wp-json\/wp\/v2\/comments?post=32419"}],"version-history":[{"count":16,"href":"https:\/\/www.fhycs.unam.edu.ar\/portada\/wp-json\/wp\/v2\/pages\/32419\/revisions"}],"predecessor-version":[{"id":33270,"href":"https:\/\/www.fhycs.unam.edu.ar\/portada\/wp-json\/wp\/v2\/pages\/32419\/revisions\/33270"}],"up":[{"embeddable":true,"href":"https:\/\/www.fhycs.unam.edu.ar\/portada\/wp-json\/wp\/v2\/pages\/255"}],"wp:attachment":[{"href":"https:\/\/www.fhycs.unam.edu.ar\/portada\/wp-json\/wp\/v2\/media?parent=32419"}],"curies":[{"name":"wp","href":"https:\/\/api.w.org\/{rel}","templated":true}]}}