{"id":36945,"date":"2023-11-28T08:37:33","date_gmt":"2023-11-28T11:37:33","guid":{"rendered":"https:\/\/www.fhycs.unam.edu.ar\/portada\/?page_id=36945"},"modified":"2024-02-09T06:26:59","modified_gmt":"2024-02-09T09:26:59","slug":"cursillo-general-2024","status":"publish","type":"page","link":"https:\/\/www.fhycs.unam.edu.ar\/portada\/cursillo-general-2024\/","title":{"rendered":"Cursillo General 2024"},"content":{"rendered":"<p style=\"text-align: center;\">Luego de haber realizado la inscripci\u00f3n definitiva con la presentaci\u00f3n de la documentaci\u00f3n correspondiente debes registrarte en la comisi\u00f3n de ingreso de la carrera elegida y seleccionar horario y modalidad.<\/p>\n<p style=\"text-align: center;\">Inscrib\u00edte a una comisi\u00f3n del Cursillo de Ingreso a trav\u00e9s de este QR<\/p>\n<p><a href=\"https:\/\/docs.google.com\/forms\/d\/e\/1FAIpQLSd3ZcoveqPJ8lzqdjSyarNLASdWiDswvFeWlx4fpHQm_uoEfw\/viewform?pli=1\" target=\"_blank\" rel=\"noopener\"><img loading=\"lazy\" class=\"size-full wp-image-37080 aligncenter\" src=\"https:\/\/www.fhycs.unam.edu.ar\/portada\/wp-content\/uploads\/2024\/02\/WhatsApp-Image-2024-02-07-at-09.51.39.jpeg\" alt=\"\" width=\"296\" height=\"296\" srcset=\"https:\/\/www.fhycs.unam.edu.ar\/portada\/wp-content\/uploads\/2024\/02\/WhatsApp-Image-2024-02-07-at-09.51.39.jpeg 296w, https:\/\/www.fhycs.unam.edu.ar\/portada\/wp-content\/uploads\/2024\/02\/WhatsApp-Image-2024-02-07-at-09.51.39-150x150.jpeg 150w\" sizes=\"(max-width: 296px) 100vw, 296px\" \/><\/a><\/p>\n<blockquote>\n<p style=\"text-align: center;\"><a href=\"https:\/\/docs.google.com\/forms\/d\/e\/1FAIpQLSd3ZcoveqPJ8lzqdjSyarNLASdWiDswvFeWlx4fpHQm_uoEfw\/viewform?pli=1\" target=\"_blank\" rel=\"noopener\">ENLACE<\/a><\/p>\n<\/blockquote>\n","protected":false},"excerpt":{"rendered":"<p>Luego de haber realizado la inscripci\u00f3n definitiva con la presentaci\u00f3n de la documentaci\u00f3n correspondiente debes registrarte en la comisi\u00f3n de ingreso de la carrera elegida y seleccionar horario y modalidad. Inscrib\u00edte a una comisi\u00f3n del Cursillo de Ingreso a trav\u00e9s de este QR ENLACE<\/p>\n","protected":false},"author":10,"featured_media":0,"parent":0,"menu_order":0,"comment_status":"closed","ping_status":"closed","template":"","meta":{"extendify_custom_stylesheet":""},"_links":{"self":[{"href":"https:\/\/www.fhycs.unam.edu.ar\/portada\/wp-json\/wp\/v2\/pages\/36945"}],"collection":[{"href":"https:\/\/www.fhycs.unam.edu.ar\/portada\/wp-json\/wp\/v2\/pages"}],"about":[{"href":"https:\/\/www.fhycs.unam.edu.ar\/portada\/wp-json\/wp\/v2\/types\/page"}],"author":[{"embeddable":true,"href":"https:\/\/www.fhycs.unam.edu.ar\/portada\/wp-json\/wp\/v2\/users\/10"}],"replies":[{"embeddable":true,"href":"https:\/\/www.fhycs.unam.edu.ar\/portada\/wp-json\/wp\/v2\/comments?post=36945"}],"version-history":[{"count":8,"href":"https:\/\/www.fhycs.unam.edu.ar\/portada\/wp-json\/wp\/v2\/pages\/36945\/revisions"}],"predecessor-version":[{"id":37117,"href":"https:\/\/www.fhycs.unam.edu.ar\/portada\/wp-json\/wp\/v2\/pages\/36945\/revisions\/37117"}],"wp:attachment":[{"href":"https:\/\/www.fhycs.unam.edu.ar\/portada\/wp-json\/wp\/v2\/media?parent=36945"}],"curies":[{"name":"wp","href":"https:\/\/api.w.org\/{rel}","templated":true}]}}