{"id":37108,"date":"2024-02-08T10:47:05","date_gmt":"2024-02-08T13:47:05","guid":{"rendered":"https:\/\/www.fhycs.unam.edu.ar\/portada\/?page_id=37108"},"modified":"2024-05-31T10:14:53","modified_gmt":"2024-05-31T13:14:53","slug":"inscripcion-abierta","status":"publish","type":"page","link":"https:\/\/www.fhycs.unam.edu.ar\/portada\/inscripcion-abierta\/","title":{"rendered":"Pr\u00f3ximas inscripciones&#8230;"},"content":{"rendered":"<h3>Esta secci\u00f3n corresponde a las nueva propuestas de extensiones \u00e1ulicas que tengan abiertas las inscripciones<\/h3>\n<p>Si te interesa alguna de nuestras propuestas comun\u00edcate con Mgter. Marta Esp\u00ednola al correo\u00a0 <a href=\"mailto:aestrellafederal@gmail.com\">aestrellafederal@gmail.com<\/a> o con Esp. Lic. M\u00e1xima Aide\u00e9 Benitez al correo <a href=\"mailto:mabenitez@fhycs.unam.edu.ar\">mabenitez@fhycs.unam.edu.ar<\/a><\/p>\n","protected":false},"excerpt":{"rendered":"<p>Esta secci\u00f3n corresponde a las nueva propuestas de extensiones \u00e1ulicas que tengan abiertas las inscripciones Si te interesa alguna de nuestras propuestas comun\u00edcate con Mgter. Marta Esp\u00ednola al correo\u00a0 aestrellafederal@gmail.com o con Esp. Lic. M\u00e1xima Aide\u00e9 Benitez al correo mabenitez@fhycs.unam.edu.ar<\/p>\n","protected":false},"author":10,"featured_media":0,"parent":0,"menu_order":0,"comment_status":"closed","ping_status":"closed","template":"","meta":{"extendify_custom_stylesheet":""},"_links":{"self":[{"href":"https:\/\/www.fhycs.unam.edu.ar\/portada\/wp-json\/wp\/v2\/pages\/37108"}],"collection":[{"href":"https:\/\/www.fhycs.unam.edu.ar\/portada\/wp-json\/wp\/v2\/pages"}],"about":[{"href":"https:\/\/www.fhycs.unam.edu.ar\/portada\/wp-json\/wp\/v2\/types\/page"}],"author":[{"embeddable":true,"href":"https:\/\/www.fhycs.unam.edu.ar\/portada\/wp-json\/wp\/v2\/users\/10"}],"replies":[{"embeddable":true,"href":"https:\/\/www.fhycs.unam.edu.ar\/portada\/wp-json\/wp\/v2\/comments?post=37108"}],"version-history":[{"count":3,"href":"https:\/\/www.fhycs.unam.edu.ar\/portada\/wp-json\/wp\/v2\/pages\/37108\/revisions"}],"predecessor-version":[{"id":37817,"href":"https:\/\/www.fhycs.unam.edu.ar\/portada\/wp-json\/wp\/v2\/pages\/37108\/revisions\/37817"}],"wp:attachment":[{"href":"https:\/\/www.fhycs.unam.edu.ar\/portada\/wp-json\/wp\/v2\/media?parent=37108"}],"curies":[{"name":"wp","href":"https:\/\/api.w.org\/{rel}","templated":true}]}}