{"id":38696,"date":"2024-11-01T14:10:44","date_gmt":"2024-11-01T17:10:44","guid":{"rendered":"https:\/\/www.fhycs.unam.edu.ar\/portada\/?page_id=38696"},"modified":"2024-11-27T11:30:00","modified_gmt":"2024-11-27T14:30:00","slug":"gt-semiotica-y-literatura","status":"publish","type":"page","link":"https:\/\/www.fhycs.unam.edu.ar\/portada\/gt-semiotica-y-literatura\/","title":{"rendered":"GT-Semi\u00f3tica y literatura"},"content":{"rendered":"<ul>\n<li><a href=\"https:\/\/www.fhycs.unam.edu.ar\/portada\/devenires-dramaturgicos-en-el-teatro-misionero-contemporaneo\/\"><strong><em>Devenires dramat\u00fargicos en el teatro misionero contempor\u00e1neo <\/em><\/strong><\/a>Carina Noemberg<\/li>\n<\/ul>\n<p><em>\u00a0<\/em><\/p>\n<ul>\n<li><a href=\"https:\/\/www.fhycs.unam.edu.ar\/portada\/estudios-semioticos-sobre-el-juego-de-mesa-moderno-para-la-ensenanza-de-la-lengua-y-la-literatura-en-los-mundos-ficcionales-de-la-kemushi-saga\/\"><strong><em>Estudios semi\u00f3ticos sobre el juego de mesa moderno para la ense\u00f1anza de la Lengua y la Literatura en los mundos ficcionales de la Kemushi Saga <\/em><\/strong><\/a>Luciana Minadeo<\/li>\n<\/ul>\n<p><em>\u00a0<\/em><\/p>\n<ul>\n<li><a href=\"https:\/\/www.fhycs.unam.edu.ar\/portada\/encuentros-entre-lo-contemporaneamente-aceptable-y-lo-rebelde-en-blasphemous-dialogos-entre-lo-hipertextual-lo-monstruoso-y-lo-kitsch\/\"><strong><em>Encuentros entre lo (contempor\u00e1neamente) aceptable y lo rebelde en Blasphemous: di\u00e1logos entre lo hipertextual, lo monstruoso y lo kitsch<\/em><\/strong><\/a>. Ricardo Daniel Acosta<\/li>\n<\/ul>\n<p>&nbsp;<\/p>\n<ul>\n<li><strong><em><a href=\"https:\/\/www.fhycs.unam.edu.ar\/portada\/rumbos-identitarios-en-sumido-en-verde-temblor-de-nicolas-capaccio\/\">Rumbos identitarios en \u201cSumido en verde temblor\u201d de Nicol\u00e1s Capaccio<\/a>.<\/em><\/strong> Javier Figueroa<\/li>\n<\/ul>\n<p><strong>\u00a0<\/strong><\/p>\n<ul>\n<li><strong><em><a href=\"https:\/\/www.fhycs.unam.edu.ar\/portada\/traduccion-de-referentes-intersemioticos-en-la-obra-de-osvaldo-mazal\/\">Traducci\u00f3n de referentes intersemi\u00f3ticos en la obra de Osvaldo Mazal<\/a>.<\/em><\/strong> Kimberly Roza<\/li>\n<\/ul>\n<p><strong>\u00a0<\/strong><\/p>\n<ul>\n<li><strong><em>\u201c<a href=\"https:\/\/www.fhycs.unam.edu.ar\/portada\/desde-el-pozo-algunas-pistas-para-el-abordaje-de-la-figura-de-renata-otto-de-tori\/\">Desde el pozo\u201d: algunas pistas para el abordaje de la figura de Renata Otto<\/a><\/em><\/strong> <strong><em>De Tori.<\/em><\/strong> Valeria Rodr\u00edguez<\/li>\n<\/ul>\n<p><strong>\u00a0<\/strong><\/p>\n<ul>\n<li><strong><em><a href=\"https:\/\/www.fhycs.unam.edu.ar\/portada\/la-construccion-de-los-archivos-autorales-territoriales-lecturas-criticas-sobre-la-literatura-misionera-e-intercultural\/\">La construcci\u00f3n de los archivos autorales territoriales: lecturas cr\u00edticas sobre la literatura misionera e intercultural<\/a>.<\/em><\/strong> Carla Andruskevicz \/ Carmen Guadalupe Melo \/ Carmen Santander<\/li>\n<\/ul>\n<p><strong>\u00a0<\/strong><\/p>\n<ul>\n<li><strong><em><a href=\"https:\/\/www.fhycs.unam.edu.ar\/portada\/relaciones-intertextuales-e-interdiscursivas-en-la-obra-de-olga-zamboni\/\">Relaciones intertextuales e interdiscursivas en la obra de Olga Zamboni<\/a>.<\/em><\/strong> Sof\u00eda Cortese<\/li>\n<\/ul>\n<p><strong>\u00a0<\/strong><\/p>\n<ul>\n<li><strong><em><a href=\"https:\/\/www.fhycs.unam.edu.ar\/portada\/piedras-en-verde-silencio-del-antologo-autor-rodolfo-nicolas-capaccio-una-representacion-narrativa-y-literaria-del-viaje-de-alejo-peyret-por-las-reducciones-de-san-ignacio-mini\/\">Piedras en verde silencio del ant\u00f3logo-autor Rodolfo Nicol\u00e1s Capaccio: una representaci\u00f3n narrativa y literaria del viaje de Alejo Peyret por las Reducciones de San Ignacio Min\u00ed<\/a>.<\/em><\/strong> Yanina F\u00e1tima de Campos<\/li>\n<\/ul>\n<p><em>\u00a0<\/em><\/p>\n<ul>\n<li><strong><em><a href=\"https:\/\/www.fhycs.unam.edu.ar\/portada\/trilogia-de-la-pasion-de-ariana-harwicz-coexistencia-y-deslinde-de-la-palabra-y-el-cuerpo\/\">Trilog\u00eda de la Pasi\u00f3n de Ariana Harwicz: coexistencia y deslinde de la palabra y el cuerpo<\/a>.\u00a0<\/em><\/strong><em> Macarena Agostina Gonz\u00e1lez Stempel<\/em><\/li>\n<\/ul>\n<p><em>\u00a0<\/em><\/p>\n<ul>\n<li><a href=\"https:\/\/www.fhycs.unam.edu.ar\/portada\/intertextualidad-viaje-y-utopia-una-lectura-de-las-aventuras-de-la-china-iron\/\"><strong><em>Intertextualidad, viaje y utop\u00eda: una lectura de Las aventuras de la China Iron<\/em><\/strong><\/a><em>.<\/em> Roc\u00edo Daniela Suarez<\/li>\n<\/ul>\n<p><em>\u00a0<\/em><\/p>\n<ul>\n<li><strong><em><a href=\"https:\/\/www.fhycs.unam.edu.ar\/portada\/explorando-la-identidad-narrativa-la-escritura-de-camila-sosa-villada-en-la-novia-de-sandro\/\">Explorando la identidad narrativa: La escritura de Camila Sosa Villada en La Novia de Sandro<\/a>.<\/em><\/strong> Jos\u00e9 Manuel Toro<\/li>\n<\/ul>\n<p>&nbsp;<\/p>\n<ul>\n<li><strong><em><a href=\"https:\/\/www.fhycs.unam.edu.ar\/portada\/la-inscripcion-del-discurso-politico-en-el-campo-de-la-literatura-la-narrativa-de-rodolfo-walsh\/\">La inscripci\u00f3n del discurso pol\u00edtico en el campo de la literatura. La narrativa de Rodolfo Walsh<\/a>.<\/em><\/strong> Hugo Jos\u00e9 Amable<\/li>\n<\/ul>\n<p>&nbsp;<\/p>\n<ul>\n<li><strong><em><a href=\"https:\/\/www.fhycs.unam.edu.ar\/portada\/narrativa-de-orilla-el-policial-de-roberto-bolano-y-de-rubem-fonseca\/\">Narrativa de orilla. El policial de Roberto Bola\u00f1o y de Rubem Fonseca<\/a>.<\/em><\/strong> Natalia Aldana<\/li>\n<\/ul>\n<p>&nbsp;<\/p>\n<ul>\n<li><strong><em>\u201c<a href=\"https:\/\/www.fhycs.unam.edu.ar\/portada\/una-propuesta-de-lectura-desde-los-intersticios-las-conjunciones-entre-utopia-ucronia-distopia-en-rectangulo-de-san-andres-de-mauricio-kartun\/\">Una propuesta de lectura desde los intersticios: las conjunciones entre utop\u00eda-ucron\u00eda-distop\u00eda en Rect\u00e1ngulo de San Andr\u00e9s de Mauricio Kartun<\/a>\u201d. <\/em><\/strong><em>Victoria Dalma Gim\u00e9nez<\/em><\/li>\n<\/ul>\n<p>&nbsp;<\/p>\n<ul>\n<li><strong><em><a href=\"https:\/\/www.fhycs.unam.edu.ar\/portada\/un-recorrido-fantastico-por-la-cuentistica-de-dos-autores-territoriales\/\">Un recorrido fant\u00e1stico por la cuent\u00edstica de dos autores territoriales<\/a>.<\/em><\/strong> Leonardo Esteche<\/li>\n<\/ul>\n<p>&nbsp;<\/p>\n<ul>\n<li><strong><em><a href=\"https:\/\/www.fhycs.unam.edu.ar\/portada\/aproximaciones-a-la-narrativa-de-marina-closs-dialogo-entre-tres-truenos-y-pombero\/\">Aproximaciones a la narrativa de Marina Closs: di\u00e1logo entre \u201cTres Truenos\u201d y \u201cPombero\u201d<\/a>.<\/em><\/strong> Marcos Ezequiel Hillebrand<\/li>\n<\/ul>\n<p>&nbsp;<\/p>\n<ul>\n<li><strong><em><a href=\"https:\/\/www.fhycs.unam.edu.ar\/portada\/sobre-el-uso-del-lenguaje-poetico-en-la-configuracion-de-una-identidad-fronteriza-un-acercamiento-a-la-obra-de-lurian-batista\/\">Sobre el uso del lenguaje po\u00e9tico en la configuraci\u00f3n de una identidad fronteriza. Un acercamiento a la obra de Lurian Batista<\/a>. <\/em><\/strong>Noelia Albrecht<\/li>\n<\/ul>\n","protected":false},"excerpt":{"rendered":"<p>Devenires dramat\u00fargicos en el teatro misionero contempor\u00e1neo Carina Noemberg \u00a0 Estudios semi\u00f3ticos sobre el juego de mesa moderno para la ense\u00f1anza de la Lengua y la Literatura en los mundos ficcionales de la Kemushi Saga Luciana Minadeo \u00a0 Encuentros entre lo (contempor\u00e1neamente) aceptable y lo rebelde en Blasphemous: di\u00e1logos entre lo hipertextual, lo monstruoso y [&hellip;]<\/p>\n","protected":false},"author":6,"featured_media":0,"parent":0,"menu_order":0,"comment_status":"closed","ping_status":"closed","template":"jinvestigadores.php","meta":{"extendify_custom_stylesheet":""},"_links":{"self":[{"href":"https:\/\/www.fhycs.unam.edu.ar\/portada\/wp-json\/wp\/v2\/pages\/38696"}],"collection":[{"href":"https:\/\/www.fhycs.unam.edu.ar\/portada\/wp-json\/wp\/v2\/pages"}],"about":[{"href":"https:\/\/www.fhycs.unam.edu.ar\/portada\/wp-json\/wp\/v2\/types\/page"}],"author":[{"embeddable":true,"href":"https:\/\/www.fhycs.unam.edu.ar\/portada\/wp-json\/wp\/v2\/users\/6"}],"replies":[{"embeddable":true,"href":"https:\/\/www.fhycs.unam.edu.ar\/portada\/wp-json\/wp\/v2\/comments?post=38696"}],"version-history":[{"count":8,"href":"https:\/\/www.fhycs.unam.edu.ar\/portada\/wp-json\/wp\/v2\/pages\/38696\/revisions"}],"predecessor-version":[{"id":39050,"href":"https:\/\/www.fhycs.unam.edu.ar\/portada\/wp-json\/wp\/v2\/pages\/38696\/revisions\/39050"}],"wp:attachment":[{"href":"https:\/\/www.fhycs.unam.edu.ar\/portada\/wp-json\/wp\/v2\/media?parent=38696"}],"curies":[{"name":"wp","href":"https:\/\/api.w.org\/{rel}","templated":true}]}}