{"id":38909,"date":"2024-11-13T09:20:49","date_gmt":"2024-11-13T12:20:49","guid":{"rendered":"https:\/\/www.fhycs.unam.edu.ar\/portada\/?page_id=38909"},"modified":"2024-11-13T09:20:49","modified_gmt":"2024-11-13T12:20:49","slug":"variaciones-representaciones-simbolicas-y-construccion-de-identidad-en-el-lexico-de-los-jovenes-de-puerto-rico-y-sus-alrededores","status":"publish","type":"page","link":"https:\/\/www.fhycs.unam.edu.ar\/portada\/variaciones-representaciones-simbolicas-y-construccion-de-identidad-en-el-lexico-de-los-jovenes-de-puerto-rico-y-sus-alrededores\/","title":{"rendered":"Variaciones, representaciones simb\u00f3licas y construcci\u00f3n de identidad en el l\u00e9xico de los j\u00f3venes de Puerto Rico y sus alrededores."},"content":{"rendered":"<iframe src=\"\/\/docs.google.com\/viewer?url=https%3A%2F%2Fwww.fhycs.unam.edu.ar%2Fportada%2Fwp-content%2Fuploads%2F2024%2F11%2FServian-Vera-H.-Abigail.-Resumen-Ampliado.pdf&hl=es&embedded=true\" class=\"gde-frame\" style=\"width:100%; height:500px; border: none;\" scrolling=\"no\"><\/iframe>\n<p class=\"gde-text\"><a href=\"https:\/\/www.fhycs.unam.edu.ar\/portada\/wp-content\/uploads\/2024\/11\/Servian-Vera-H.-Abigail.-Resumen-Ampliado.pdf\" class=\"gde-link\">Descargar (PDF, Desconocido)<\/a><\/p>\n","protected":false},"excerpt":{"rendered":"","protected":false},"author":6,"featured_media":0,"parent":0,"menu_order":0,"comment_status":"closed","ping_status":"closed","template":"","meta":{"extendify_custom_stylesheet":""},"_links":{"self":[{"href":"https:\/\/www.fhycs.unam.edu.ar\/portada\/wp-json\/wp\/v2\/pages\/38909"}],"collection":[{"href":"https:\/\/www.fhycs.unam.edu.ar\/portada\/wp-json\/wp\/v2\/pages"}],"about":[{"href":"https:\/\/www.fhycs.unam.edu.ar\/portada\/wp-json\/wp\/v2\/types\/page"}],"author":[{"embeddable":true,"href":"https:\/\/www.fhycs.unam.edu.ar\/portada\/wp-json\/wp\/v2\/users\/6"}],"replies":[{"embeddable":true,"href":"https:\/\/www.fhycs.unam.edu.ar\/portada\/wp-json\/wp\/v2\/comments?post=38909"}],"version-history":[{"count":1,"href":"https:\/\/www.fhycs.unam.edu.ar\/portada\/wp-json\/wp\/v2\/pages\/38909\/revisions"}],"predecessor-version":[{"id":38912,"href":"https:\/\/www.fhycs.unam.edu.ar\/portada\/wp-json\/wp\/v2\/pages\/38909\/revisions\/38912"}],"wp:attachment":[{"href":"https:\/\/www.fhycs.unam.edu.ar\/portada\/wp-json\/wp\/v2\/media?parent=38909"}],"curies":[{"name":"wp","href":"https:\/\/api.w.org\/{rel}","templated":true}]}}