{"id":39051,"date":"2024-11-27T11:32:29","date_gmt":"2024-11-27T14:32:29","guid":{"rendered":"https:\/\/www.fhycs.unam.edu.ar\/portada\/?page_id=39051"},"modified":"2024-11-27T11:32:29","modified_gmt":"2024-11-27T14:32:29","slug":"la-construccion-del-perfil-critico-del-profesor-en-letras-analisis-discursivo-y-didactico-de-un-examen-literario","status":"publish","type":"page","link":"https:\/\/www.fhycs.unam.edu.ar\/portada\/la-construccion-del-perfil-critico-del-profesor-en-letras-analisis-discursivo-y-didactico-de-un-examen-literario\/","title":{"rendered":"La construcci\u00f3n del perfil cr\u00edtico del Profesor en Letras: An\u00e1lisis discursivo y did\u00e1ctico de un examen literario"},"content":{"rendered":"<iframe src=\"\/\/docs.google.com\/viewer?url=https%3A%2F%2Fwww.fhycs.unam.edu.ar%2Fportada%2Fwp-content%2Fuploads%2F2024%2F11%2FAguirre-Julieta-Analia.pdf&hl=es&embedded=true\" class=\"gde-frame\" style=\"width:100%; height:500px; border: none;\" scrolling=\"no\"><\/iframe>\n<p class=\"gde-text\"><a href=\"https:\/\/www.fhycs.unam.edu.ar\/portada\/wp-content\/uploads\/2024\/11\/Aguirre-Julieta-Analia.pdf\" class=\"gde-link\">Descargar (PDF, Desconocido)<\/a><\/p>\n","protected":false},"excerpt":{"rendered":"","protected":false},"author":6,"featured_media":0,"parent":0,"menu_order":0,"comment_status":"closed","ping_status":"closed","template":"","meta":{"extendify_custom_stylesheet":""},"_links":{"self":[{"href":"https:\/\/www.fhycs.unam.edu.ar\/portada\/wp-json\/wp\/v2\/pages\/39051"}],"collection":[{"href":"https:\/\/www.fhycs.unam.edu.ar\/portada\/wp-json\/wp\/v2\/pages"}],"about":[{"href":"https:\/\/www.fhycs.unam.edu.ar\/portada\/wp-json\/wp\/v2\/types\/page"}],"author":[{"embeddable":true,"href":"https:\/\/www.fhycs.unam.edu.ar\/portada\/wp-json\/wp\/v2\/users\/6"}],"replies":[{"embeddable":true,"href":"https:\/\/www.fhycs.unam.edu.ar\/portada\/wp-json\/wp\/v2\/comments?post=39051"}],"version-history":[{"count":1,"href":"https:\/\/www.fhycs.unam.edu.ar\/portada\/wp-json\/wp\/v2\/pages\/39051\/revisions"}],"predecessor-version":[{"id":39053,"href":"https:\/\/www.fhycs.unam.edu.ar\/portada\/wp-json\/wp\/v2\/pages\/39051\/revisions\/39053"}],"wp:attachment":[{"href":"https:\/\/www.fhycs.unam.edu.ar\/portada\/wp-json\/wp\/v2\/media?parent=39051"}],"curies":[{"name":"wp","href":"https:\/\/api.w.org\/{rel}","templated":true}]}}

La construcción del perfil crítico del Profesor en Letras: Análisis discursivo y didáctico de un examen literario
