{"id":39060,"date":"2024-11-27T11:39:39","date_gmt":"2024-11-27T14:39:39","guid":{"rendered":"https:\/\/www.fhycs.unam.edu.ar\/portada\/?page_id=39060"},"modified":"2024-11-27T11:39:39","modified_gmt":"2024-11-27T14:39:39","slug":"la-alfabetizacion-academica-temprana-el-espacio-de-taller-y-la-inclusion-de-la-tecnologia-en-la-escena-escolar","status":"publish","type":"page","link":"https:\/\/www.fhycs.unam.edu.ar\/portada\/la-alfabetizacion-academica-temprana-el-espacio-de-taller-y-la-inclusion-de-la-tecnologia-en-la-escena-escolar\/","title":{"rendered":"La alfabetizaci\u00f3n acad\u00e9mica temprana: el espacio de taller y la inclusi\u00f3n de la tecnolog\u00eda en la escena escolar"},"content":{"rendered":"<iframe src=\"\/\/docs.google.com\/viewer?url=https%3A%2F%2Fwww.fhycs.unam.edu.ar%2Fportada%2Fwp-content%2Fuploads%2F2024%2F11%2FAmarilla-Dirie.pdf&hl=es&embedded=true\" class=\"gde-frame\" style=\"width:100%; height:500px; border: none;\" scrolling=\"no\"><\/iframe>\n<p class=\"gde-text\"><a href=\"https:\/\/www.fhycs.unam.edu.ar\/portada\/wp-content\/uploads\/2024\/11\/Amarilla-Dirie.pdf\" class=\"gde-link\">Descargar (PDF, Desconocido)<\/a><\/p>\n","protected":false},"excerpt":{"rendered":"","protected":false},"author":6,"featured_media":0,"parent":0,"menu_order":0,"comment_status":"closed","ping_status":"closed","template":"","meta":{"extendify_custom_stylesheet":""},"_links":{"self":[{"href":"https:\/\/www.fhycs.unam.edu.ar\/portada\/wp-json\/wp\/v2\/pages\/39060"}],"collection":[{"href":"https:\/\/www.fhycs.unam.edu.ar\/portada\/wp-json\/wp\/v2\/pages"}],"about":[{"href":"https:\/\/www.fhycs.unam.edu.ar\/portada\/wp-json\/wp\/v2\/types\/page"}],"author":[{"embeddable":true,"href":"https:\/\/www.fhycs.unam.edu.ar\/portada\/wp-json\/wp\/v2\/users\/6"}],"replies":[{"embeddable":true,"href":"https:\/\/www.fhycs.unam.edu.ar\/portada\/wp-json\/wp\/v2\/comments?post=39060"}],"version-history":[{"count":1,"href":"https:\/\/www.fhycs.unam.edu.ar\/portada\/wp-json\/wp\/v2\/pages\/39060\/revisions"}],"predecessor-version":[{"id":39062,"href":"https:\/\/www.fhycs.unam.edu.ar\/portada\/wp-json\/wp\/v2\/pages\/39060\/revisions\/39062"}],"wp:attachment":[{"href":"https:\/\/www.fhycs.unam.edu.ar\/portada\/wp-json\/wp\/v2\/media?parent=39060"}],"curies":[{"name":"wp","href":"https:\/\/api.w.org\/{rel}","templated":true}]}}

La alfabetización académica temprana: el espacio de taller y la inclusión de la tecnología en la escena escolar
