{"id":39084,"date":"2024-11-27T11:59:06","date_gmt":"2024-11-27T14:59:06","guid":{"rendered":"https:\/\/www.fhycs.unam.edu.ar\/portada\/?page_id=39084"},"modified":"2024-11-27T11:59:06","modified_gmt":"2024-11-27T14:59:06","slug":"gramatica-de-uso-en-la-region-de-fronteras-un-dispositivo-hibrido-para-la-ensenanza-en-el-nivel-superior","status":"publish","type":"page","link":"https:\/\/www.fhycs.unam.edu.ar\/portada\/gramatica-de-uso-en-la-region-de-fronteras-un-dispositivo-hibrido-para-la-ensenanza-en-el-nivel-superior\/","title":{"rendered":"Gram\u00e1tica de uso en la regi\u00f3n de fronteras. Un dispositivo h\u00edbrido para la ense\u00f1anza en el nivel superior"},"content":{"rendered":"<iframe src=\"\/\/docs.google.com\/viewer?url=https%3A%2F%2Fwww.fhycs.unam.edu.ar%2Fportada%2Fwp-content%2Fuploads%2F2024%2F11%2FHoracio-Nazaruk.pdf&hl=es&embedded=true\" class=\"gde-frame\" style=\"width:100%; height:500px; border: none;\" scrolling=\"no\"><\/iframe>\n<p class=\"gde-text\"><a href=\"https:\/\/www.fhycs.unam.edu.ar\/portada\/wp-content\/uploads\/2024\/11\/Horacio-Nazaruk.pdf\" class=\"gde-link\">Descargar (PDF, Desconocido)<\/a><\/p>\n","protected":false},"excerpt":{"rendered":"","protected":false},"author":6,"featured_media":0,"parent":0,"menu_order":0,"comment_status":"closed","ping_status":"closed","template":"","meta":{"extendify_custom_stylesheet":""},"_links":{"self":[{"href":"https:\/\/www.fhycs.unam.edu.ar\/portada\/wp-json\/wp\/v2\/pages\/39084"}],"collection":[{"href":"https:\/\/www.fhycs.unam.edu.ar\/portada\/wp-json\/wp\/v2\/pages"}],"about":[{"href":"https:\/\/www.fhycs.unam.edu.ar\/portada\/wp-json\/wp\/v2\/types\/page"}],"author":[{"embeddable":true,"href":"https:\/\/www.fhycs.unam.edu.ar\/portada\/wp-json\/wp\/v2\/users\/6"}],"replies":[{"embeddable":true,"href":"https:\/\/www.fhycs.unam.edu.ar\/portada\/wp-json\/wp\/v2\/comments?post=39084"}],"version-history":[{"count":1,"href":"https:\/\/www.fhycs.unam.edu.ar\/portada\/wp-json\/wp\/v2\/pages\/39084\/revisions"}],"predecessor-version":[{"id":39086,"href":"https:\/\/www.fhycs.unam.edu.ar\/portada\/wp-json\/wp\/v2\/pages\/39084\/revisions\/39086"}],"wp:attachment":[{"href":"https:\/\/www.fhycs.unam.edu.ar\/portada\/wp-json\/wp\/v2\/media?parent=39084"}],"curies":[{"name":"wp","href":"https:\/\/api.w.org\/{rel}","templated":true}]}}

Gramática de uso en la región de fronteras. Un dispositivo híbrido para la enseñanza en el nivel superior
