{"id":39100,"date":"2024-11-28T10:23:11","date_gmt":"2024-11-28T13:23:11","guid":{"rendered":"https:\/\/www.fhycs.unam.edu.ar\/portada\/?page_id=39100"},"modified":"2024-11-28T10:23:11","modified_gmt":"2024-11-28T13:23:11","slug":"presentacion-de-enfoque-metodologia-y-debates-en-torno-al-abordaje-de-las-politicas-de-educacion-superior-en-la-unam-desde-la-perspectiva-de-genero","status":"publish","type":"page","link":"https:\/\/www.fhycs.unam.edu.ar\/portada\/presentacion-de-enfoque-metodologia-y-debates-en-torno-al-abordaje-de-las-politicas-de-educacion-superior-en-la-unam-desde-la-perspectiva-de-genero\/","title":{"rendered":"Presentaci\u00f3n de enfoque, metodolog\u00eda y debates en torno al abordaje de las pol\u00edticas de educaci\u00f3n superior en la UNaM desde la perspectiva de g\u00e9nero"},"content":{"rendered":"<iframe src=\"\/\/docs.google.com\/viewer?url=https%3A%2F%2Fwww.fhycs.unam.edu.ar%2Fportada%2Fwp-content%2Fuploads%2F2024%2F11%2FResumenfinalAmpliado-Jornadas-2024-INVESTIGACION-FHyCS-Spasiuk-CORREA-PETIT.pdf&hl=es&embedded=true\" class=\"gde-frame\" style=\"width:100%; height:500px; border: none;\" scrolling=\"no\"><\/iframe>\n<p class=\"gde-text\"><a href=\"https:\/\/www.fhycs.unam.edu.ar\/portada\/wp-content\/uploads\/2024\/11\/ResumenfinalAmpliado-Jornadas-2024-INVESTIGACION-FHyCS-Spasiuk-CORREA-PETIT.pdf\" class=\"gde-link\">Descargar (PDF, Desconocido)<\/a><\/p>\n","protected":false},"excerpt":{"rendered":"","protected":false},"author":6,"featured_media":0,"parent":0,"menu_order":0,"comment_status":"closed","ping_status":"closed","template":"","meta":{"extendify_custom_stylesheet":""},"_links":{"self":[{"href":"https:\/\/www.fhycs.unam.edu.ar\/portada\/wp-json\/wp\/v2\/pages\/39100"}],"collection":[{"href":"https:\/\/www.fhycs.unam.edu.ar\/portada\/wp-json\/wp\/v2\/pages"}],"about":[{"href":"https:\/\/www.fhycs.unam.edu.ar\/portada\/wp-json\/wp\/v2\/types\/page"}],"author":[{"embeddable":true,"href":"https:\/\/www.fhycs.unam.edu.ar\/portada\/wp-json\/wp\/v2\/users\/6"}],"replies":[{"embeddable":true,"href":"https:\/\/www.fhycs.unam.edu.ar\/portada\/wp-json\/wp\/v2\/comments?post=39100"}],"version-history":[{"count":1,"href":"https:\/\/www.fhycs.unam.edu.ar\/portada\/wp-json\/wp\/v2\/pages\/39100\/revisions"}],"predecessor-version":[{"id":39106,"href":"https:\/\/www.fhycs.unam.edu.ar\/portada\/wp-json\/wp\/v2\/pages\/39100\/revisions\/39106"}],"wp:attachment":[{"href":"https:\/\/www.fhycs.unam.edu.ar\/portada\/wp-json\/wp\/v2\/media?parent=39100"}],"curies":[{"name":"wp","href":"https:\/\/api.w.org\/{rel}","templated":true}]}}

Presentación de enfoque, metodología y debates en torno al abordaje de las políticas de educación superior en la UNaM desde la perspectiva de género
