{"id":39510,"date":"2025-02-17T22:44:50","date_gmt":"2025-02-18T01:44:50","guid":{"rendered":"https:\/\/www.fhycs.unam.edu.ar\/portada\/?page_id=39510"},"modified":"2025-02-17T23:54:23","modified_gmt":"2025-02-18T02:54:23","slug":"guia-para-ingresantes-2025","status":"publish","type":"page","link":"https:\/\/www.fhycs.unam.edu.ar\/portada\/guia-para-ingresantes-2025\/","title":{"rendered":"GU\u00cdA PARA INGRESANTES 2025"},"content":{"rendered":"<p>En esta gu\u00eda encontrar\u00e1s:<\/p>\n<ul>\n<li>Qu\u00e9 son las JIVU<\/li>\n<li>Qu\u00e9 es el PATFES, el programa que lo organiza.<\/li>\n<li>C\u00f3mo llegar a la Facultad<\/li>\n<li>Calendario Acad\u00e9mico<\/li>\n<li>Oficinas y Programas donde encontrar\u00e1s apoyo y acompa\u00f1amiento en todos los aspectos de la vida universitaria.<\/li>\n<li>Tutoriales sobre c\u00f3mo utilizar las plataformas de la Facultad.<\/li>\n<li>Lo que necesitas saber para iniciar tu cursada<\/li>\n<li>Enlaces importantes<\/li>\n<\/ul>\n<p>Y muchas cosas m\u00e1s\u2026<\/p>\n<p><iframe loading=\"lazy\" src=\"https:\/\/drive.google.com\/file\/d\/1fLm8supDzOe1f9c5B2HBArLUokhxm9XE\/preview\" width=\"600\" height=\"480\"><\/iframe><\/p>\n<p><strong>Para contactar con<\/strong>\u00a0<em><strong>PATFEs<\/strong><\/em><\/p>\n<p>Correo: patfes@fhycs.unam.edu.ar \u2013 patfesesttudiantes@gmail.com<\/p>\n<p>Whatsapp: 3764837146<\/p>\n<p><a href=\"https:\/\/www.instagram.com\/patfes.humanidades\">Instagram<\/a><\/p>\n<p><a href=\"https:\/\/www.facebook.com\/profile.php?id=100068563728385\">Facebook<\/a><\/p>\n<p><a href=\"https:\/\/www.linkedin.com\/in\/patfes-fhycs-unam-332457292\/\">Linkedin<\/a><\/p>\n","protected":false},"excerpt":{"rendered":"<p>En esta gu\u00eda encontrar\u00e1s: Qu\u00e9 son las JIVU Qu\u00e9 es el PATFES, el programa que lo organiza. C\u00f3mo llegar a la Facultad Calendario Acad\u00e9mico Oficinas y Programas donde encontrar\u00e1s apoyo y acompa\u00f1amiento en todos los aspectos de la vida universitaria. Tutoriales sobre c\u00f3mo utilizar las plataformas de la Facultad. Lo que necesitas saber para iniciar [&hellip;]<\/p>\n","protected":false},"author":28,"featured_media":0,"parent":0,"menu_order":0,"comment_status":"closed","ping_status":"closed","template":"","meta":{"extendify_custom_stylesheet":""},"_links":{"self":[{"href":"https:\/\/www.fhycs.unam.edu.ar\/portada\/wp-json\/wp\/v2\/pages\/39510"}],"collection":[{"href":"https:\/\/www.fhycs.unam.edu.ar\/portada\/wp-json\/wp\/v2\/pages"}],"about":[{"href":"https:\/\/www.fhycs.unam.edu.ar\/portada\/wp-json\/wp\/v2\/types\/page"}],"author":[{"embeddable":true,"href":"https:\/\/www.fhycs.unam.edu.ar\/portada\/wp-json\/wp\/v2\/users\/28"}],"replies":[{"embeddable":true,"href":"https:\/\/www.fhycs.unam.edu.ar\/portada\/wp-json\/wp\/v2\/comments?post=39510"}],"version-history":[{"count":4,"href":"https:\/\/www.fhycs.unam.edu.ar\/portada\/wp-json\/wp\/v2\/pages\/39510\/revisions"}],"predecessor-version":[{"id":39520,"href":"https:\/\/www.fhycs.unam.edu.ar\/portada\/wp-json\/wp\/v2\/pages\/39510\/revisions\/39520"}],"wp:attachment":[{"href":"https:\/\/www.fhycs.unam.edu.ar\/portada\/wp-json\/wp\/v2\/media?parent=39510"}],"curies":[{"name":"wp","href":"https:\/\/api.w.org\/{rel}","templated":true}]}}